rime factors of p(0).
2, 3
Let p = -6 - -10. Suppose 0 = -4*x + 5*x - p. Suppose 4*c = -3*b - 0*b + 32, -b = -x*c + 48. List the prime factors of c.
11
Let g(w) = -w**3 + 10*w**2 - 11*w + 9. Let o be g(9). Let u = -2 - o. List the prime factors of u.
7
Let p(d) = -21*d + 35. What are the prime factors of p(-8)?
7, 29
Let j(r) = r**2 - 11*r + 14. Let q be j(8). Let b = 29 + q. What are the prime factors of b?
19
Let t be 16/12*6/4. Suppose q - t = 6. List the prime factors of q.
2
Suppose 2 = 5*l - 3. Let r be (l + 0)*-2 - -4. What are the prime factors of (r - (1 - 7)) + -1?
7
Let m = 7 + 4. List the prime factors of m.
11
Suppose 0*o + o = v + 2, -3*o = 9. Let c be 8/10*v/(-2). Suppose -c*y - 2 = -12. List the prime factors of y.
5
Suppose 2*a - 135 = -3*a. List the prime factors of a.
3
Let g be (2 - 140/8)*-2. Suppose 0 = q - g + 1. What are the prime factors of q?
2, 3, 5
Suppose 12 = 2*v + 4*p - 12, -2*p = 3*v - 28. Let d(l) = -l. Let a be d(v). Let y = a + 16. What are the prime factors of y?
2
Suppose -g + 26 = -21. List the prime factors of g.
47
Suppose 0 = -p - 3*d + 39, -5*p + d + 26 = -121. What are the prime factors of p?
2, 3, 5
Let c = 13 - 10. Let m be 4/6 - (-124)/3. Suppose -c*z - 4 + m = -4*p, -4*z + 3*p + 46 = 0. List the prime factors of z.
2, 5
Let b be 6/(-9) - (-8)/3. Suppose 4*y - 12 = b*w, -2*w - 2*y = -18 - 0. Suppose 0 = k - w - 4. List the prime factors of k.
2
Let a(k) = k + 19. Let p = -22 + 15. What are the prime factors of a(p)?
2, 3
Let j(p) = -p + 2. Let d be j(-2). Let w = 7 + d. List the prime factors of w.
11
Let c(r) = -4*r + 27. What are the prime factors of c(-7)?
5, 11
Suppose -w + 14 = -1. Suppose -6*a = -a - w. Suppose h = -a*q + 9, -5*h - 2 + 19 = q. List the prime factors of q.
2
Let q = 58 - 5. What are the prime factors of q?
53
Let u(a) = 6*a + 2. Let x be (-24)/15 + 2/(-5). Let m be u(x). List the prime factors of m/(-4)*16/10.
2
Let y(v) = 37*v + 25. List the prime factors of y(7).
2, 71
Suppose -8*s + 410 = -270. List the prime factors of s.
5, 17
Let c = 9 + -5. Suppose 0 = c*w - 62 + 2. Suppose -3*b - w = 0, -3*b = 4*g + b + 8. List the prime factors of g.
3
Suppose -2*x + 18 = -94. List the prime factors of x.
2, 7
Let v(r) = 2*r - 3. Let a be v(2). Let g = 3 - a. Suppose -5*q = -g*c + 21, 2*c - q - 6 = c. List the prime factors of c.
3
Let d = -32 - -81. What are the prime factors of d?
7
Suppose 4*g - 3*r - 142 = 3*g, -5*r = g - 118. What are the prime factors of g?
7, 19
Suppose -2*k = -k - 35. Suppose -2*l = -4*a + 46, -2*a - a + l = -k. List the prime factors of (-34)/(-8) - (-9)/a.
5
Suppose 2*b = 4*l - 22, -12 = -2*l - 3*b - 5. Suppose l*c - 33 = -8. List the prime factors of c.
5
Let f(u) = -3 - u**3 + 7*u + u**2 + 3*u**2 + 0*u. Let s be (14/8 + -3)*-4. List the prime factors of f(s).
7
Let d(m) = -m**2 + m. Let b be d(1). Let w(a) = -a + b + 1 + 8. List the prime factors of w(6).
3
List the prime factors of (-162)/(-8) + (-15)/(-20).
3, 7
Let o(y) be the first derivative of -y**4/4 - 2*y**3 - 5*y**2/2 + 2*y + 2. Let i be o(-5). Let h = 0 + i. List the prime factors of h.
2
Let w(j) = -1 - 9*j + 8*j - 5*j. What are the prime factors of w(-2)?
11
Let d = -27 + 9. List the prime factors of 4/18 + (-122)/d.
7
Suppose -w - 50 = -6*w. List the prime factors of w.
2, 5
Suppose v - 38 = -0*v. Let z = v - 15. List the prime factors of z.
23
Suppose -5*u - 5 = 5. Let f be 6/3 + u - -2. Suppose -f*v - a - a + 4 = 0, -4*v + 2*a + 14 = 0. What are the prime factors of v?
3
Suppose 5*d = -219 + 24. Let x = 16 + d. Let i = -16 - x. List the prime factors of i.
7
Let m(g) = -g**3 - 6*g**2 - 6*g - 2. List the prime factors of m(-7).
89
Let t be -12 + 2/(-1) + 2. Let p = 2 - t. List the prime factors of p.
2, 7
Suppose -2*l = -3*l + 12. Suppose -3 + l = y. List the prime factors of y.
3
List the prime factors of (-6)/9 - (-430)/6.
71
Let i(k) = -k**3 - 12*k**2 + 12*k - 9. What are the prime factors of i(-13)?
2
Suppose 0*w = -2*v - 4*w + 230, -w = 4. What are the prime factors of v?
3, 41
Suppose 9*x - 500 = -x. What are the prime factors of x?
2, 5
Suppose -v + 0*o + 53 = 5*o, 0 = -3*v - 4*o + 104. What are the prime factors of v?
2, 7
Let j(f) = -f + 11. Let a be j(9). Suppose 5*v - 4*g - 29 = 0, -2*g = -3*v + a*g + 11. List the prime factors of v.
3
Let s(d) = -2*d. Let q(y) = 7*y + 7. Let m(z) = q(z) + 3*s(z). Suppose -3*p + 4*i = -5*p, p = -4*i. List the prime factors of m(p).
7
Let s = 171 + -5. What are the prime factors of s?
2, 83
Let s = -25 + 51. List the prime factors of 2/(-10) - s/(-5).
5
List the prime factors of (-1)/1 + (34 - -2).
5, 7
Let i(t) be the second derivative of -t**6/720 + 7*t**5/120 + t**4/4 - 2*t. Let y(f) be the third derivative of i(f). List the prime factors of y(5).
2
Let q(j) = -5*j**3 + 4*j**3 - 5*j**2 + 9*j - 4*j**2. Suppose 0 = -4*u - 41 + 1. What are the prime factors of q(u)?
2, 5
Suppose 6*y - 104 = 2*y + 2*u, -2*y + 3*u + 56 = 0. List the prime factors of y.
5
Suppose -j = -4*j - 948. What are the prime factors of j/(-10) + 3/(-5)?
31
Let m(k) = -12*k - 9. What are the prime factors of m(-4)?
3, 13
Suppose n + 1 = 4. Suppose -29 = -o - n*f, -f = 4*f. List the prime factors of o.
29
Let o = 27 - 2. Let f = o + -18. What are the prime factors of f?
7
Suppose -k - 4*c = 11, k + k - 4*c - 26 = 0. Suppose -52 = -k*z + 153. Let o = z + -26. List the prime factors of o.
3, 5
Let s(j) = j**2 + j + 4. Let z be s(0). Suppose -o = -f + z*f + 4, -4*f = 4*o - 8. Suppose o*t - 15 = -4*d, -20 = 5*d + 5. List the prime factors of t.
7
Suppose 5*c - 2*c = 147. What are the prime factors of c?
7
Let p(b) = -39*b + 1. What are the prime factors of p(-1)?
2, 5
Let a(x) = 3*x + 45. What are the prime factors of a(0)?
3, 5
Let g be (-4)/(-6)*30/5. Suppose 0 = -5*x - 4*n + 76, 2*x + g*n - 13 = 15. What are the prime factors of x?
2
Let h be (-6)/(-21) - (-2)/(-7). Suppose 0*k - 2*k - 4*g + 10 = h, -4*k - g = -13. Suppose 2*m + 4*y - 43 + 9 = 0, y = -k*m + 36. List the prime factors of m.
11
Let t = -38 + 24. Let c be (8/(-14))/(4/t). Suppose -1 - c = -l. What are the prime factors of l?
3
Suppose -5*d = f - 7, -d + 6 = f + 3. Suppose f*l = -11 + 39. List the prime factors of l.
2, 7
Let r(v) = -2*v - 4. Let g be -9 - (1 + -2 + -1). List the prime factors of r(g).
2, 5
Suppose 0 = -4*j + 4*p - 6*p + 1388, -3*j = -5*p - 1015. What are the prime factors of j?
3, 5, 23
Let u be 10/(-1 - (3 + -3)). List the prime factors of (-4)/u - (-53)/5.
11
Let s = 5 + -9. Let d be 0 - -5 - s/2. Suppose -3*v = -d - 8. What are the prime factors of v?
5
Suppose x - p - 6 = 2*p, 4*p = 2*x - 2. Let w be -4 + 0 + 48/4. What are the prime factors of (x + w)/(1/(-6))?
2, 3
Suppose 64 = 2*t + 4*b, -2*t = -t - 4*b - 26. Suppose t = f + 5*p, 0 = p + 2*p - 9. List the prime factors of f.
3, 5
Suppose 5 = 5*r - 10. Suppose -r*s = 2*j - 7, 4*j - 5*s + 59 - 18 = 0. List the prime factors of 4/(-2 + 0)*j.
2
Let x = 22 + 1. What are the prime factors of x?
23
Let j be (-10)/(-30) + 44/(-6). Let w = j - -22. List the prime factors of w.
3, 5
Suppose 0 = 5*c + v + 20, -5*c + v = -4 + 24. Let w = -4 - c. Suppose -2*t + w*t - 72 = -4*z, 4*t + 8 = 0. List the prime factors of z.
17
Let q(t) = 10*t - 9. Let j be q(6). Suppose 32 = 3*o + 2*z - 3*z, -4*o + 3*z + j = 0. What are the prime factors of o?
3
Let i(h) = -3 - 2 + 0 - 4*h + 3 + h**2. Let c be i(5). Suppose 0 = -n + 5*v - v + 18, 0 = 2*n - c*v - 36. List the prime factors of n.
2, 3
Suppose -3 = 2*n - n. Let f = n - 9. What are the prime factors of 18/4*f/(-18)?
3
Let p(u) = u**2 - 11*u + 4. Let o be p(13). Let d = 43 - o. What are the prime factors of d?
13
Let x be 1 + (-2 - (-3 + 2)). Suppose -2*m + m + 8 = x. List the prime factors of m.
2
Let i(b) = -b**3 + 3*b**2 - 1. Let p be i(2). Let d = 54 + -20. List the prime factors of d/8 + p/(-12).
2
Let p = 143 + -101. What are the prime factors of p?
2, 3, 7
Suppose -5*f = 2*h - 33, -f = -3 - 2. Suppose -2*m - p - 11 = h*p, -5*p = -4*m + 53. List the prime factors of m.
7
Let j be (-1 - 9/3)/1. Let i be j/(-8)*13*2. Suppose 5*u - 2*f - 20 = i, 3*u + 1 = -4*f. List the prime factors of u.
5
List the prime factors of -3 + (49 + -3 - -1).
2, 11
Suppose 2*v + 256 = 6*v. List the prime factors of v.
2
Suppose a 